- y - 165. What is the greatest common factor of 30 and q?
15
Suppose 0 = 3*k + 2*c + 384, -4*k + 2*c - 512 = 4*c. Let n = k - -136. What is the greatest common divisor of 56 and n?
8
Suppose 8*y - 2*y = 0. Suppose y = -u - 36 + 46. Suppose 8*h + 180 = u*h. Calculate the greatest common divisor of 18 and h.
18
Suppose -c + 62 = -40. Let r be (-40 - (-2 + -5))*c/(-9). What is the greatest common divisor of r and 22?
22
Let s(l) = -12*l**2 - 32*l - 58. Let z be s(-2). Let a be z/147 + -1 + 19636/28. Calculate the greatest common factor of 28 and a.
28
Let o = 4821 - 4791. What is the greatest common divisor of o and 14?
2
Suppose 22160 - 2472 = 8*r. What is the highest common divisor of 214 and r?
107
Let i be (-44)/77*7*(-2)/4. Suppose -4*b - b = 2*l + 22, 0 = -2*l - i*b - 16. Let c be 8*(189/l)/(-7). What is the greatest common divisor of 12 and c?
12
Suppose 11*p = -1324 + 4822. Let s = -1604 + 1610. Calculate the greatest common divisor of s and p.
6
Suppose -4*n + 20 + 4 = 0. Let u(q) = 3*q + 33. Let o be u(-2). What is the greatest common divisor of o and n?
3
Suppose -364 = -s - 3*x, -x = -2*s + 269 + 459. Suppose -s = 8*c - 22*c. Calculate the greatest common factor of c and 806.
26
Let s be 123/12 - (-1 + (-2)/(-8)). Suppose -2*x - s = -63. Let q = 211 + 75. Calculate the greatest common factor of x and q.
26
Let c(v) = -2*v**3 - 13*v**2 - 10*v - 14. Let f be c(-8). Let r = f + -78. Suppose -5*o + 30 = -r. Calculate the highest common divisor of o and 14.
14
Let h be 273 + 0 - (-28)/(-14). Let k = 406 - h. What is the greatest common divisor of k and 75?
15
Suppose 170 = a + 4*b, 6 = b + 2*b. Let h = 87 + -33. Calculate the greatest common divisor of h and a.
54
Let g(l) = l**2 - 36*l - 33. Let q be g(37). Suppose -236 - 532 = -q*i. Calculate the greatest common factor of 120 and i.
24
Let n be (39/(-15) - -3)*(-280)/(-4). Suppose 10*g - 392 = n. What is the highest common factor of 210 and g?
42
Suppose 132*j + 869676 = 163*j + 245*j. What is the greatest common divisor of 274 and j?
137
Let p = 8233 + -5244. What is the highest common factor of p and 21?
7
Let r = 2027 + -2014. Suppose -3*f + 1 = -11. Suppose -2*b = 3*l - 0*b - 382, 0 = f*l - 2*b - 528. Calculate the greatest common divisor of l and r.
13
Suppose -101*y = -85*y + 4944. Let k = -174 - y. Calculate the highest common factor of k and 351.
27
Let b(a) = a**3 + 82*a**2 + 120*a - 187. Let s be b(-80). What is the highest common divisor of s and 131?
131
Let z = 111161 + -111140. Let n = 139 - 97. What is the highest common divisor of n and z?
21
Suppose -4*v - 24 = -5*i - 7*v, -3*i + 6 = -v. Suppose -15 = i*k - 42. What is the greatest common factor of k and 18?
9
Let z be 8281*312/78*(-1)/(-14). Calculate the highest common divisor of 273 and z.
91
Suppose -3*z + 294*x + 14645 = 295*x, 0 = -5*z - 5*x + 24395. What is the highest common factor of z and 57?
19
Suppose -2*m = -6*m - 2172. Let p = m + 719. Calculate the highest common divisor of p and 616.
88
Suppose -15*m - 12 = -11*m, m = 4*h - 9455. Calculate the highest common divisor of h and 17.
17
Suppose -580 = -6*t - 622. Let k(o) = 21*o + 180. Let s be k(t). Calculate the highest common divisor of s and 11.
11
Suppose 0 = 3*y + 2*r - 35, 25*y = 20*y + 2*r + 53. Suppose 0 = -5*i - y*i + 480. What is the highest common factor of 15 and i?
15
Let f be (-9 - (13 - -215))*-5. Calculate the greatest common factor of f and 15.
15
Let b = 8319 - 8116. Calculate the greatest common divisor of b and 43645.
203
Let x(s) be the first derivative of -s**2 + 9*s - 2. Let b be ((-1414)/101)/(7/(-2)). Let g be x(b). What is the greatest common divisor of 7 and g?
1
Let t(s) = 119*s - 1487. Let w be t(13). Suppose -3*c = -0*c - 108. What is the highest common divisor of w and c?
12
Let r(k) = -k**2 - 11*k + 27. Let y be r(-10). Suppose -2*f + 3 + y = 0. Let m be ((-15)/f + 457/12)*3. Calculate the highest common divisor of m and 32.
16
Let f be (-10)/(-4)*(66 - 12). Suppose 2*k - 2*g = 6*k + 6, -g - 3 = -5*k. Suppose k*j - f = -3*j. What is the greatest common factor of 9 and j?
9
Let f = -44 - -47. Suppose -4*g + 2*r + 482 = 0, -f*g = -4*g + 3*r + 128. Let x = g - -16. Calculate the highest common divisor of x and 90.
45
Let j be 6083/21 + (-2)/3. Suppose -33*s = -133 + 1. Suppose j = s*c + 257. What is the greatest common divisor of c and 72?
8
Let x be (88/6)/(14/798*19). Calculate the greatest common factor of 363 and x.
11
Let z be ((-224)/(-7))/(2/21). Suppose -5*d + z = -d. What is the greatest common divisor of d and 105?
21
Let v(z) = 2*z**3 + 5. Let a be v(0). Suppose -8*m = a*m - 26. Suppose 5*l - 5 = 15, 3*l = m*u - 20. What is the highest common divisor of u and 48?
16
Suppose 2*x + 2*x = 12. Suppose x*j = -2*j, -5*r + 40 = 3*j. Let t = 2453 + -2452. What is the highest common divisor of t and r?
1
Let b = -152 - -143. Let w be (7 + b - -68)*4. Calculate the highest common divisor of 96 and w.
24
Suppose -4*x + 52 = -3*n, -3*x = 26*n - 23*n - 18. Suppose 0*y - 4 = -4*y. Calculate the highest common factor of y and x.
1
Let k = -753 + 531. Let x = -217 - k. Suppose -14 = -2*i - 4. What is the greatest common factor of x and i?
5
Let j = -8 - -5. Let m be j*(-3 + (-7)/(-3)). Suppose m*r + 32 = 6*r. Calculate the greatest common factor of 2 and r.
2
Let v(i) = -i**2 + 54*i - 174. Let j be v(36). Let g = -434 + j. Let c = -2 - -32. What is the greatest common divisor of g and c?
10
Suppose -5*h + 12601 = 4*v, -6293 = -2*v - 4*h + 3*h. What is the greatest common factor of v and 24?
24
Suppose -128*l - 126*l + 1811991 = -73*l. Calculate the greatest common factor of 141 and l.
141
Suppose 4*x + 16 + 784 = 2*c, 2*c - 792 = 3*x. What is the highest common factor of 84 and c?
12
Let k = -6872 + 7403. What is the highest common factor of k and 18?
9
Let i be -18 - -56 - 8 - 10. Let t be 20*1*(-6)/(-4). Calculate the greatest common divisor of t and i.
10
Let m(w) = w**3 + 9*w**2 + 9*w - 8. Let h be m(7). Let a = h - 445. Suppose -2*g + 110 = -a. Calculate the greatest common factor of 36 and g.
36
Let k(n) = -3*n**3 + 27*n**2 - 4*n - 13. Let r be k(-3). Let u = -5 + 62. Calculate the greatest common divisor of r and u.
19
Let b(n) = -10*n**3 - 1. Let u be b(-1). Suppose -4*s + u*z + 72 = 6*z, 3*s - 51 = 3*z. Calculate the greatest common factor of 42 and s.
21
Suppose 12*u - 111 = 69. Suppose -x - x - 5*a - 63 = 0, 12 = -4*a. Let y = -19 - x. What is the highest common divisor of u and y?
5
Let s(c) = 255*c - 10650. Let f be s(46). Calculate the highest common factor of 330 and f.
30
Let s = -269 + 92. Let m be 2/4 + s/6. Let c = m + 59. Calculate the greatest common divisor of c and 20.
10
Let g = -479 - -471. Let z be (g/12)/(2/(-216)). Calculate the highest common divisor of 192 and z.
24
Let h(a) = 26*a + 2532. Let d be h(-51). What is the highest common factor of d and 162?
18
Suppose 2*r = -31*i + 35*i + 46, 0 = -r + 5*i + 29. Suppose 0*q = -r*q + 209. Calculate the highest common divisor of 352 and q.
11
Let i be (5530/316)/(7/8). Calculate the greatest common factor of i and 2705.
5
Let y(w) = 10*w + 75. Let m(x) = -41*x - 297. Let a(h) = -6*m(h) - 22*y(h). Let v be a(6). What is the greatest common divisor of v and 36?
36
Suppose -3*b = a - 1189, -2*b - b + 3*a = -1173. Calculate the highest common divisor of 5 and b.
5
Let k be (49/(-2) - -2)/(50/(-100)). Let o be (-407)/(-9) - 6/27. Suppose -3*z - 2*z = -o. Calculate the greatest common factor of k and z.
9
Let z = -28945 - -29096. What is the highest common divisor of 3 and z?
1
Let d be 17/1 - (-92 + 88). Calculate the highest common divisor of d and 2086.
7
Let p = 4804 - 4794. Calculate the highest common divisor of 45490 and p.
10
Let y = -5294 - -5314. What is the greatest common divisor of y and 230?
10
Let u(s) = 40*s + 37. Let a be u(1). Suppose -a*c - 60 = -82*c. Calculate the highest common factor of 28 and c.
4
Suppose -5*i + 32 = j - 7*i, 4*i + 130 = 5*j. Let a = j - -83. Calculate the highest common divisor of a and 75.
15
Let t = -228 - -231. Suppose 0 = t*w - 0*w + 2*i - 179, 0 = i + 2. Calculate the highest common divisor of 549 and w.
61
Let x be 13260/(-910)*63/(-6). What is the greatest common divisor of x and 3791?
17
Suppose -10*j + 62 = -8. S